
What is the remainder when 217411 is divided by 244?
7
Calculate the remainder when 10004 is divided by 886.
258
What is the remainder when 44840860 is divided by 14946953?
1
What is the remainder when 310687681 is divided by 77671920?
1
What is the remainder when 246880707 is divided by 593?
575
What is the remainder when 4060474 is divided by 12?
10
What is the remainder when 237858 is divided by 4561?
686
What is the remainder when 154032 is divided by 962?
112
What is the remainder when 120712 is divided by 120144?
568
Calculate the remainder when 450580 is divided by 79.
43
Calculate the remainder when 22872 is divided by 21040.
1832
Calculate the remainder when 327645 is divided by 305.
75
What is the remainder when 10942 is divided by 4414?
2114
What is the remainder when 5820404 is divided by 56?
44
What is the remainder when 2110083 is divided by 341?
316
What is the remainder when 118986897 is divided by 75?
72
Calculate the remainder when 7737027 is divided by 7737026.
1
What is the remainder when 107195 is divided by 10716?
35
Calculate the remainder when 289860 is divided by 144237.
1386
What is the remainder when 66063657 is divided by 1421?
1367
Calculate the remainder when 302303 is divided by 1074.
509
Calculate the remainder when 173223 is divided by 57312.
1287
Calculate the remainder when 8094272 is divided by 10894.
30
Calculate the remainder when 20283177 is divided by 55.
2
Calculate the remainder when 419463922 is divided by 1895.
1882
Calculate the remainder when 517313 is divided by 73858.
307
What is the remainder when 4385153 is divided by 219257?
13
Calculate the remainder when 215497286 is divided by 1696829.
3
Calculate the remainder when 1105878 is divided by 52644.
354
Calculate the remainder when 1209298 is divided by 691.
48
What is the remainder when 551558 is divided by 55151?
48
Calculate the remainder when 129868 is divided by 359.
269
Calculate the remainder when 290553 is divided by 4842.
33
What is the remainder when 6404 is divided by 367?
165
Calculate the remainder when 4349416 is divided by 1193.
931
What is the remainder when 264923 is divided by 65542?
2755
What is the remainder when 111023 is divided by 55432?
159
Calculate the remainder when 2752025 is divided by 548.
517
Calculate the remainder when 193567 is divided by 3122.
3
What is the remainder when 7065950 is divided by 6231?
6227
Calculate the remainder when 9899840 is divided by 6.
2
What is the remainder when 17348385 is divided by 685?
75
Calculate the remainder when 11009903 is divided by 155069.
4
Calculate the remainder when 19087024 is divided by 397646.
16
Calculate the remainder when 330582 is divided by 3446.
3212
Calculate the remainder when 139950 is divided by 33450.
6150
Calculate the remainder when 48572 is divided by 1734.
20
Calculate the remainder when 5168718 is divided by 21.
9
What is the remainder when 4272189 is divided by 89?
11
Calculate the remainder when 934509 is divided by 49183.
32
What is the remainder when 14174564 is divided by 34?
32
What is the remainder when 1928151 is divided by 483?
15
What is the remainder when 150128099 is divided by 2700?
2699
Calculate the remainder when 112351 is divided by 4005.
211
What is the remainder when 2705910 is divided by 300655?
15
Calculate the remainder when 32342 is divided by 4553.
471
What is the remainder when 596408 is divided by 148733?
1476
Calculate the remainder when 78382 is divided by 11168.
206
What is the remainder when 890237 is divided by 1203?
17
What is the remainder when 3591351 is divided by 387?
378
Calculate the remainder when 34647841 is divided by 253.
250
What is the remainder when 365501 is divided by 1684?
73
Calculate the remainder when 446075407 is divided by 148691798.
13
What is the remainder when 160660147 is divided by 20082518?
3
Calculate the remainder when 135752479 is divided by 3841.
16
What is the remainder when 3573908 is divided by 46413?
107
What is the remainder when 1484914 is divided by 123719?
286
What is the remainder when 61472741 is divided by 1382?
1381
What is the remainder when 73665818 is divided by 2621?
2613
Calculate the remainder when 16412 is divided by 2659.
458
What is the remainder when 43168518 is divided by 19?
5
What is the remainder when 32726 is divided by 2712?
182
What is the remainder when 454976 is divided by 484?
16
What is the remainder when 49694 is divided by 6985?
799
Calculate the remainder when 8525195 is divided by 11857.
12
What is the remainder when 327931 is divided by 201?
100
Calculate the remainder when 2037094 is divided by 19.
9
What is the remainder when 54041 is divided by 1030?
481
What is the remainder when 50720 is divided by 12250?
1720
Calculate the remainder when 12835659 is divided by 184.
3
What is the remainder when 71431 is divided by 90?
61
Calculate the remainder when 1463598 is divided by 731562.
474
Calculate the remainder when 211725 is divided by 211722.
3
Calculate the remainder when 51355 is divided by 3667.
17
What is the remainder when 617031 is divided by 123376?
151
Calculate the remainder when 24481145 is divided by 1360063.
11
Calculate the remainder when 617590072 is divided by 14603.
14599
Calculate the remainder when 168240635 is divided by 7647301.
13
What is the remainder when 912007 is divided by 38?
7
Calculate the remainder when 59217 is divided by 2118.
2031
What is the remainder when 538682 is divided by 9619?
18
What is the remainder when 22858 is divided by 3382?
2566
Calculate the remainder when 3514811 is divided by 79882.
3
Calculate the remainder when 1122760 is divided by 7867.
5646
Calculate the remainder when 123899829 is divided by 2058.
2055
Calculate the remainder when 9049533 is divided by 502.
481
Calculate the remainder when 352384 is divided by 175967.
450
Calculate the remainder when 32231631 is divided by 207946.
1
Calculate the remainder when 50004 is divided by 385.
339
Calculate the remainder when 6089134 is divided by 6088971.
163
Calculate the remainder when 28395249 is divided by 1670308.
13
Calculate the remainder when 76858581 is divided by 66.
63
What is the remainder when 11144382 is divided by 5572145?
92
What is the remainder when 2637688 is divided by 20135?
3
Calculate the remainder when 5712732 is divided by 32.
28
Calculate the remainder when 204378929 is divided by 3213.
3212
Calculate the remainder when 79929 is divided by 25125.
4554
What is the remainder when 15893 is divided by 3726?
989
What is the remainder when 1195837 is divided by 89?
33
What is the remainder when 6426837 is divided by 41?
5
Calculate the remainder when 450903 is divided by 32204.
47
Calculate the remainder when 60636562 is divided by 20212177.
31
What is the remainder when 5692588 is divided by 45907?
120
What is the remainder when 5036203 is divided by 423?
388
Calculate the remainder when 1754674 is divided by 175461.
64
Calculate the remainder when 9981723 is divided by 6990.
3
What is the remainder when 155902293 is divided by 1672?
1669
What is the remainder when 6216122 is divided by 1554025?
22
Calculate the remainder when 35425027 is divided by 701.
693
What is the remainder when 6524343 is divided by 8999?
68
Calculate the remainder when 358929 is divided by 349753.
9176
What is the remainder when 57008086 is divided by 54?
16
Calculate the remainder when 10051398 is divided by 239.
14
What is the remainder when 4080009 is divided by 3107?
518
Calculate the remainder when 319312 is divided by 313.
52
Calculate the remainder when 471701 is divided by 235762.
177
Calculate the remainder when 2433249 is divided by 187162.
143
What is the remainder when 2257870 is divided by 451549?
125
What is the remainder when 289067 is divided by 14445?
167
What is the remainder when 2147580 is divided by 344?
332
What is the remainder when 6916045 is divided by 41?
1
What is the remainder when 376638 is divided by 376324?
314
Calculate the remainder when 244517 is divided by 629.
465
What is the remainder when 191579 is divided by 10960?
5259
Calculate the remainder when 65887 is divided by 701.
694
What is the remainder when 68219988 is divided by 535?
533
Calculate the remainder when 248608 is divided by 11.
8
What is the remainder wh